6 + u. What is the tens digit of i?
7
Let q be (35/42)/((-33)/18 + 2). Suppose -406 = -c - c - 4*v, 5*c - q*v = 1015. What is the hundreds digit of c?
2
Let y(p) be the first derivative of -p**4 - 11*p**3/3 - 11*p**2/2 - 9*p - 170. What is the hundreds digit of y(-7)?
9
Let p(g) = -g**2 + 8*g + 133. Let j be p(-8). Suppose 3*d - 286 = 4*n + 1684, -j*n + 20 = 0. What is the hundreds digit of d?
6
Let v be (-4)/10 - 513/(-45). Suppose -3003 + 968 = -v*l. What is the units digit of l?
5
Suppose -130*v - 145 = -135*v. Suppose 6*w + v = 113. What is the units digit of w?
4
Suppose -231*c + 247*c - 64 = 0. What is the units digit of (-17578)/(-85) - c/(-20)?
7
Suppose -5*d - l + 1095 = -0*d, 3*l = -15. Let q = -442 + d. Let i = 407 + q. What is the units digit of i?
5
What is the units digit of 15*((-3948)/(-15) - 6)?
8
Let y be (90/25 + -3)/((-2)/(-10)). Suppose -5*r + 117 + 1097 = 2*s, -4*r + y*s = -962. What is the tens digit of r?
4
Let o(g) = 2*g**2 - 5*g - 25. Let d be o(-5). Let k = d + 76. What is the units digit of k?
6
Let c = 1816 + -2712. Let f = -462 - c. What is the tens digit of f?
3
What is the units digit of (-14)/(-35) + (-671932)/(-20)?
7
Let n = 1134 + -513. Let j = n + -141. What is the units digit of j?
0
Let i(o) = -20*o + 4. Let a(r) = 21*r - 3. Let q = -51 + 46. Let m(k) = q*a(k) - 4*i(k). What is the units digit of m(-1)?
4
Suppose 1821*d = 1799*d + 358776. What is the ten thousands digit of d?
1
Let l = 3 - 2. Let y(j) = 53*j**2 - 3*j + 6. Let b(r) = -19*r**2 + r - 2. Let q(u) = 11*b(u) + 4*y(u). What is the units digit of q(l)?
4
Suppose -13 - 3 = -f. Suppose 6*w - f = -2*w. Suppose -489 = -5*z + 4*y, -198 = -w*z - 2*y + 3*y. What is the hundreds digit of z?
1
Suppose 26*p - 42486 = 96016. What is the hundreds digit of p?
3
Suppose 98*v = 95*v - 2*w + 31000, 4*v = 2*w + 41324. What is the tens digit of v?
3
Let u(m) = 6*m**2 - 21*m - 26. Let y be -3 - (-148)/12 - 3/9. What is the tens digit of u(y)?
7
Suppose -4*w + 19652 = -3*u, -2*u - 2808 - 2105 = -w. What is the thousands digit of w?
4
Let t(v) = -2*v**2 - 4*v - 3. Let h be t(-2). Let q be ((-182)/6)/((-3)/(-720)*-2). What is the units digit of q/55 + (-93)/(-33) + h?
6
Let l(p) = -p - 1. Let a(g) = 8. Let w(t) = -a(t) + 4*l(t). What is the tens digit of w(-23)?
8
Suppose 166*m = 47*m - 133*m + 18495540. What is the tens digit of m?
9
Suppose -5*n = -5*d + 60, -68 = 17*n - 14*n + 5*d. What is the units digit of 778/n*(-264)/33?
9
Suppose 5*z + 40 - 115 = -5*w, 3*z = 3*w + 75. Suppose 0 = -3*u + 5*u - 664. Suppose -18*r - u = -z*r. What is the hundreds digit of r?
1
Suppose 30136 = -90*c + 135*c - 415049. What is the units digit of c?
3
Suppose -5*z - 5*k + 1107 = 297, -324 = -2*z + 3*k. Let r = z - -142. What is the units digit of r?
4
Suppose 0 = 2*c - 2*t - 21046, 30*c - 42084 = 26*c + 5*t. What is the ten thousands digit of c?
1
Let z be (1 - 1)/(6 - 5). Suppose -2*g + 65 = s + g, z = -4*s + 3*g + 290. Suppose 0 = -7*p + s + 398. What is the tens digit of p?
6
Suppose 0 = -18*f + 34307 - 539. What is the hundreds digit of f?
8
Let z(k) = 1847*k**2 - 101*k + 383. What is the ten thousands digit of z(5)?
4
Let a(w) = -170*w - 64. Let p be a(-4). Suppose -3*v - 4*q = v - 616, 4*v + 5*q - p = 0. What is the hundreds digit of v?
1
Suppose -5*p = 4*c + 14, 5*c = -3*p - 0*c + 2. Let s(k) = k + 10. Let v be s(p). Suppose v*u - 31 = 45. What is the tens digit of u?
1
What is the hundreds digit of ((-300762)/(-72))/(-31)*(-3)/((-9)/(-1164))?
2
Suppose 7*c - 924 = 18*c. Let z be (1 - 0) + c/(-3). Suppose 27*v - z*v + 102 = 0. What is the tens digit of v?
5
Let l(q) = 21567*q**2 + 66*q - 11. What is the ten thousands digit of l(-1)?
2
Suppose -640 = 425*a - 427*a. Let i = a + -31. What is the tens digit of i?
8
Let q(h) = h. Let m(u) = -99*u - 4. Let w(r) = m(r) - 4*q(r). What is the hundreds digit of w(-2)?
2
Suppose w + h - 21 + 3 = 0, 0 = 2*w + 4*h - 42. Suppose -21*u + 1902 = -w*u. What is the hundreds digit of u?
3
Let n = 1 + -1. Suppose -2*v - 4*v + 75 = -3*v. Suppose n = -27*r + v*r + 176. What is the tens digit of r?
8
Suppose -u - 240 = -5*a, -u - 84 - 60 = -3*a. Suppose a - 12 = 9*v. Suppose -6*j + 116 = d - 2*j, 0 = v*d + 4*j - 440. What is the hundreds digit of d?
1
Let i be 3 + 2 + 4 + (0 - -3). What is the hundreds digit of ((-2292)/(-30))/(i/30)?
1
Let s(a) = 26*a + 6249. What is the hundreds digit of s(-115)?
2
Let d be (352 - -1)/((-5)/30*-6). Suppose k + 5*h = d, 984 = 2*k - h + 278. What is the hundreds digit of k?
3
Suppose -20 + 14 = -3*g. Suppose 1021 = g*d - 307. What is the tens digit of d?
6
Let s(v) = -5*v - 15. Let o(a) = -1. Let x(n) = -3*o(n) - s(n). Suppose -26 = -2*j - 6. What is the tens digit of x(j)?
6
Let l be (-2 - 1096/6)*(-9)/6. Suppose l*a + 16524 = 286*a. What is the thousands digit of a?
1
Let w(v) = -v**3 - 5*v**2 - 4*v - 9. Let i = 87 - 33. Let l be 188/(-36) + 12/i. What is the tens digit of w(l)?
1
Suppose -3*n + 4*n + 922 = -4*d, d - n + 228 = 0. Let y = d - -684. What is the hundreds digit of y?
4
Let m(f) = -848*f - 12035. What is the thousands digit of m(-58)?
7
Let m(k) = -243*k + 517. What is the thousands digit of m(-15)?
4
Let f(v) = v**2 - v - 52. Let n be f(9). Let s(i) = i**3 + 8*i**2 + 10*i + 5. Let m be s(-7). What is the units digit of (n/2)/(m + 13)*-3?
0
Let k be (-125230)/(-45) - (-7)/63. Suppose 4*s - 2318 = -3*g, 5*g - 3*s - k = 1032. What is the units digit of g?
6
Let d(l) = -l + 1. Let x(s) = -10*s**2 + 17*s - 62. Let u(t) = 3*d(t) - x(t). What is the hundreds digit of u(4)?
1
Suppose -5*o + 19361 = -j, -3*o = 2*j - 3826 - 7788. Suppose -13*c = -795 - o. What is the hundreds digit of c?
3
Suppose -11*y - 1200 = 1033. Let m = 358 + y. What is the tens digit of m?
5
Let h(d) = -d**3 - d**2 + 141. Let s be h(0). Let c(q) = 7*q**2 - 15*q + 38. Let b be c(4). Let j = s - b. What is the tens digit of j?
5
Suppose 4373 + 48903 = 19*b. What is the tens digit of b?
0
Let t(m) = m**3 + 8*m**2 + 8*m + 2. Let r be t(-5). Let w = -22 - r. Let c = 24 - w. What is the units digit of c?
3
Let x(f) = 19*f**3 + 15*f**2 - 24*f + 67. What is the thousands digit of x(7)?
7
Suppose -w + 9 = o, -o = -2*o - 3. Let i be w/72 - 501/(-18). Suppose 5*r - 3*r - 13 = -y, -y + i = -3*r. What is the tens digit of y?
1
Let i = 7092 - -13684. What is the hundreds digit of i?
7
Suppose 0 = -11*a - 637 + 2133. Suppose -13*q = -1918 - a. What is the hundreds digit of q?
1
Let x(k) = -19*k + 28. Let n be x(-6). Suppose 6*f + 410 = -n. Let o = f - -158. What is the units digit of o?
6
Let i = -5904 - -32165. What is the tens digit of i?
6
Let x = -94 - -97. Suppose 0 = -x*r + 4*y + 841 + 2839, -2*y = -5*r + 6124. Suppose -i - 3*i + r = 3*v, -3*v = 5*i - 1530. What is the units digit of i?
6
Let z = -151 + 437. Let y be (-52)/z - 13/(-11). What is the tens digit of 103*y - (-76)/(-19)?
9
Let i(r) = 55*r**2 + 155*r + 1411. What is the hundreds digit of i(-9)?
4
Let g = 8656 - 3846. What is the thousands digit of g?
4
What is the units digit of 11477928/(-693)*3/(-4)?
2
Suppose -4*a = 4*z - 5984, -3*z - a - 1492 = -4*z. What is the thousands digit of z?
1
Suppose -4*z - 98 = -2*a, 18 = a + 3*z - 6. Let j = 17 - a. Let o(r) = -6*r + 9. What is the tens digit of o(j)?
4
Let l(s) = -s**2 + 153*s - 2402. What is the hundreds digit of l(44)?
3
Suppose 0 = o + 27 - 33. Let r(u) = 36*u + 52. What is the tens digit of r(o)?
6
Let l(a) = 51*a + 8. Let r be l(3). Let i = 194 + r. Suppose 3*g - i = -46. What is the units digit of g?
3
Let p be 78*(1 + 2 + -27)/(-2). Let s = p + -635. What is the hundreds digit of s?
3
Let y(m) = 56*m**2 + 63*m + 3793. What is the ten thousands digit of y(-36)?
7
Let q be (1/(3/18))/(15/(-10)). What is the hundreds digit of 106/(q + (-54)/(-12))?
2
Suppose 0 = 5*g + 3*c - 368, 104 = 3*g + 5*c - 120. Suppose -5*h + 57 = -g. Let o = h - -58. What is the units digit of o?
4
Suppose -8*y + 13*y = 4*k + 24436, -3*k - 14664 = -3*y. What is the hundreds digit of y?
8
Let u = -108 + 114. Suppose u*c - 2174 = 826. What is the tens digit of c?
0
Let t = -69 + 402. Let s be (-132)/(-10) + 2/(-10). Suppose -4*h = -s*h + t. What is the units digit of h?
7
Let u(q) = 5*q**2 - 28*q + 3. Let b be u(6). Suppose -b*d - 1199 = -6584. What is t